
168
Let n(p) = 4*p**3 - 34*p**2 - 9*p - 48. What is n(9)?
33
Let q(o) = o + 8. Give q(-26).
-18
Let z(x) = -2*x**2 - 596*x - 2943. What is z(-5)?
-13
Let o(f) = -2*f**2 + 2*f + 60. Give o(0).
60
Let n(m) = -m**2 + 530*m + 15043. Give n(-27).
4
Let f(c) = -15*c - 251. Determine f(-20).
49
Let v(f) = 4*f**3 - 77*f**2 + 16*f + 32. Give v(19).
-25
Let n(u) = -9*u**3 - 233*u**2 + 19*u - 20. Give n(-26).
162
Let r(i) = i**2 + 30*i - 504. Give r(11).
-53
Let h(x) = -x**2 - 55*x + 1250. Calculate h(21).
-346
Let o(c) = c**2 - 149*c + 3937. What is o(115)?
27
Let c(f) = f**3 - 12*f**2 + 28*f + 22. Calculate c(7).
-27
Let a(i) = -21*i + 1490. What is a(87)?
-337
Let l(w) = 11*w + 135. Calculate l(-17).
-52
Let g(w) = w**2 + 3*w - 124. What is g(-9)?
-70
Let u(m) = 144*m - 1298. Calculate u(9).
-2
Let m(k) = k + 176. Determine m(5).
181
Let d(u) = -969*u - 7763. What is d(-8)?
-11
Let z(n) = -n**3 + 7*n**2 - 125*n + 1477. Determine z(10).
-73
Let t(q) = q**3 - 13*q**2 - 12*q - 51. Determine t(12).
-339
Let c(i) = i**3 - 32*i**2 + 45*i - 2574. Give c(33).
0
Let p(m) = 6*m**3 - 64*m**2 - 18*m - 47. What is p(11)?
-3
Let y(h) = 4*h**2 - 2*h - 46. Determine y(-6).
110
Let y(r) = 1498*r + 10464. Give y(-7).
-22
Let h(y) = 33*y - 1507. Give h(51).
176
Let w(v) = -53*v + 583. Calculate w(11).
0
Let f(t) = 23*t**2 + 366*t + 3. Give f(-16).
35
Let a(p) = 20*p - 16. Calculate a(1).
4
Let l(j) = 2878*j + 11509. Give l(-4).
-3
Let f(o) = -4*o**3 + 268*o**2 - 9*o + 693. Give f(67).
90
Let q(r) = -r**3 + 42*r**2 + 173*r + 55. What is q(46)?
-451
Let n(a) = a**3 + 104*a**2 + 2176*a + 81. What is n(-75)?
6
Let f(y) = 1471*y + 64725. Calculate f(-44).
1
Let y(q) = 17*q**2 + 2*q - 237. Determine y(0).
-237
Let q(j) = 2*j**2 - 224*j - 1428. Give q(118).
-12
Let g(l) = -l**2 + 54*l - 835. Determine g(25).
-110
Let o(s) = 5*s**3 + 125*s**2 + 76*s + 1892. Give o(-25).
-8
Let s(m) = -2*m**3 + 92*m**2 + 2991*m - 26. Determine s(-22).
-4
Let j(q) = -q**3 - 65*q**2 + 123*q - 734. Calculate j(-67).
3
Let x(u) = -11*u**2 - 847*u - 25. Determine x(-77).
-25
Let o(y) = -8*y**2 - 16*y + 91. Determine o(5).
-189
Let d(f) = 63*f - 7. Calculate d(-2).
-133
Let g(p) = -90*p - 465. What is g(-5)?
-15
Let b(g) = -2*g**3 - 16*g + 145. Give b(0).
145
Let y(v) = -518*v + 4230. Calculate y(8).
86
Let f(h) = 33*h - 66. Give f(2).
0
Let n(t) = -t**3 - 10*t**2 + 58*t + 32. Determine n(-15).
287
Let a(h) = -h**3 - 3*h**2 - 38*h + 389. Give a(5).
-1
Let j(b) = 3*b**2 + 103*b - 2220. What is j(15)?
0
Let o(g) = g**2 - 6*g + 33. Give o(0).
33
Let t(i) = -12*i**3 + 2*i**2 + 12. Calculate t(2).
-76
Let z(k) = k**2 - 233*k - 3221. Give z(-13).
-23
Let r(p) = 342*p**2 - 17443*p + 48. Determine r(51).
-3
Let n(u) = -16*u + 654. Give n(43).
-34
Let b(q) = 36*q**2 + 398*q - 33. Determine b(-12).
375
Let v(i) = 5*i**2 + 84*i + 299. Give v(-11).
-20
Let q(w) = -42*w + 479. Calculate q(11).
17
Let i(y) = -37*y + 7. Determine i(4).
-141
Let l(k) = -7238*k - 7293. What is l(-1)?
-55
Let m(s) = -759*s - 6831. What is m(-9)?
0
Let z(g) = -5*g**3 - 56*g**2 - 17*g - 46. Calculate z(-11).
20
Let x(d) = 30*d**2 + 41*d - 44. Calculate x(-2).
-6
Let i(w) = 22*w + 3070. Calculate i(-139).
12
Let t(r) = -70*r - 153. Determine t(-11).
617
Let u(n) = 3*n**2 - 106*n + 118. Give u(34).
-18
Let d(m) = -14*m**2 + 15*m + 214. Calculate d(0).
214
Let n(p) = 34*p**2 + 471*p + 26. Calculate n(-14).
96
Let f(r) = -r**3 + 7*r**2 + 230*r - 1150. What is f(5)?
50
Let g(x) = -39*x + 7. Give g(-2).
85
Let t(k) = -10*k + 518. Calculate t(52).
-2
Let r(a) = 20*a + 232. What is r(-11)?
12
Let x(y) = 3*y**2 - 198*y + 217. What is x(65)?
22
Let y(g) = g**3 - 6*g**2 - 59*g + 171. Give y(10).
-19
Let c(y) = -y**3 - 3*y**2 - 13*y - 7. Calculate c(-1).
4
Let f(w) = -22946*w - 229454. What is f(-10)?
6
Let z(d) = 1195*d + 23892. What is z(-20)?
-8
Let q(l) = 34*l - 30. Give q(4).
106
Let h(q) = -7*q**2 + 141*q - 21. Give h(20).
-1
Let g(m) = -25*m**3 + 3*m**2 + 2*m - 2. Determine g(1).
-22
Let f(b) = b**2 + 21. Determine f(-16).
277
Let g(i) = -4*i - 543. What is g(-136)?
1
Let i(r) = r**3 - 58*r**2 + 273*r - 426. Give i(53).
-2
Let o(t) = -t**3 + 53*t**2 - 5*t + 102. Calculate o(53).
-163
Let r(c) = -7*c**2 + 327*c + 91. What is r(47)?
-3
Let l(c) = -12*c - 39. What is l(-5)?
21
Let d(h) = 2*h**2 - 72*h - 109. Give d(-4).
211
Let d(b) = -b**3 - 8*b**2 + 17*b + 83. Give d(-11).
259
Let r(d) = d**2 + 112*d - 3660. Calculate r(-138).
-72
Let j(p) = -4*p**2 - 14*p - 16. Give j(-3).
-10
Let p(r) = r**2 - 274*r + 15049. Give p(76).
1
Let o(x) = -x**2 + 35*x - 245. Determine o(27).
-29
Let z(u) = 4*u**2 + 147*u + 627. Give z(-5).
-8
Let d(t) = 457*t + 2752. Calculate d(-6).
10
Let s(p) = 2*p**2 - 24*p + 58. Determine s(15).
148
Let t(w) = -743*w + 3717. Determine t(5).
2
Let g(j) = -2*j**2 - 2*j + 18. Give g(8).
-126
Let h(t) = t**3 - 53*t + 9. Calculate h(7).
-19
Let s(k) = 2*k**2 + 42*k + 110. Calculate s(-19).
34
Let x(f) = f**3 + 158*f**2 + 2025*f + 133. What is x(-14)?
7
Let z(a) = -173*a**2 - 691*a - 15. What is z(-4)?
-19
Let k(z) = -88*z**3 + 2*z**2 + 11*z - 12. Give k(1).
-87
Let b(u) = u**2 + 8*u - 3916. Give b(-67).
37
Let o(l) = -l**3 - 13*l**2 - 15*l + 77. What is o(-11)?
0
Let z(w) = -90*w - 173. Calculate z(-2).
7
Let p(k) = -222*k - 1758. What is p(-8)?
18
Let b(t) = -21592*t - 172742. Calculate b(-8).
-6
Let w(x) = -x**2 - 25*x - 153. Determine w(-10).
-3
Let a(x) = x**3 - 11*x**2 - 5*x + 172. Calculate a(9).
-35
Let o(g) = -800*g + 15978. Give o(20).
-22
Let n(m) = -2*m**2 + 221*m + 674. Calculate n(-3).
-7
Let l(a) = -2*a + 159. What is l(-33)?
225
Let a(s) = 10*s**2 + 29*s - 257. Calculate a(-7).
30
Let t(i) = -i**2 - 2*i + 15. Give t(-9).
-48
Let v(r) = -44*r + 152. Determine v(4).
-24
Let j(v) = 153*v + 181. Give j(-2).
-125
Let d(j) = -76*j - 4258. Determine d(-56).
-2
Let g(t) = -2*t**2 + 149. What is g(10)?
-51
Let d(c) = -141*c + 8719. What is d(62)?
-23
Let n(a) = -a**3 + 15*a**2 + 541*a + 102. Calculate n(32).
6
Let r(u) = 6*u**3 + 530*u**2 + 1705*u + 430. What is r(-85)?
5
Let q(s) = 31*s - 1289. Give q(43).
44
Let w(u) = u**2 - 31*u - 819. What is w(49)?
63
Let c(r) = 2*r**3 - 13*r**2 - 4*r + 7. Calculate c(6).
-53
Let j(o) = 901*o. Calculate j(0).
0
Let d(s) = s**3 - 99*s**2 + 196*s - 204. What is d(97)?
-10
Let o(i) = i**3 - 10*i**2 - 6*i + 104. Determine o(10).
44
Let r(i) = i**2 + 41*i + 339. Determine r(-32).
51
Let z(m) = 150*m + 83. Determine z(3).
533
Let i(o) = -1461*o - 8745. Give i(-6).
21
Let s(h) = 431*h + 11716. Give s(-27).
79
Let o(q) = 2*q + 30. Determine o(37).
104
Let c(b) = b**3 + 69*b**2 - 158*b - 1149. Calculate c(-71).
-13
Let q(m) = -15*m**3 - m**2 - 15*m + 14. What is q(3)?
-445
Let f(w) = -w**3 - 25*w**2 - 146*w - 53. Give f(-8).
27
Let l(n) = -n**2 + 30*n + 283. Determine l(29).
312
Let r(y) = 45*y + 2433. Give r(-54).
3
Let q(f) = 8*f - 4. What is q(1)?
4
Let o(f) = 5*f - 16. What is o(13)?
49
Let h(q) = q**3 - 10*q**2 - 52*q - 47. Give h(14).
9
Let p(t) = -12*t**2 + 34*t + 10. What is p(3)?
4
Let q(a) = -3*a**2 + 244*a - 2319. What is q(11)?
2
Let u(k) = -373*k - 1485. What is u(-4)?
7
Let t(c) = 2*c**2 + 43*c + 66. Determine t(0).
66
Let j(b) = -129*b**2 - 20*b - 21. What is j(-1)?
-130
Let r(x) = -2*x**3 + 201*x**2 - 273*x - 2404. What is r(99)?
-28
Let g(a) = 247*a - 1258. Determine g(5).
-23
Let q(u) = -7*u - 272. What is q(15)?
-377
Let j(f) = -f**3 - 42*f**2 + 3*f + 177. Determine j(-42).
51
Let a(m) = 8*m**2 - 74*m + 1. Give a(5).
-169
Let s(d) = -231*d + 1145. What is s(5)?
-10
Let p(c) = c**3 - 7*c**2 - 4*c + 1. Calculate p(-3).
-77
Let s(m) = m**3 - 122*m**2 + 126*m - 606. Give s(121).
-1
Let q(i) = -13*i**2 + 72*i + 904. Give q(-6).
4
Let c(d) = 3*d**2 - 179*d + 1390. Determine c(8).
150
Let z(x) = 105*x + 2007. Give z(-21).
-198
Let g(n) = -282*n**2 + 3*n - 1. What is g(1)?
-280
Let k(b) = 3*b**2 - 10*b + 2. Give k(-9).
335
Let l(c) = 2*c**3 + 10*c**2 + 12*c + 17. What is l(-4)?
1
Let d(h) = h**3 - 50*h**2 - 9. Give d(50).
-9
Let a(l) = -l**3 + 43*l**2 + 50*l - 5473. Calculate a(41).
-61
Let c(x) = 3*x**3 + 11*x**2 - 45*x - 243. Calculate c(-5).
-118
Let b(q) = -q**2 + 3117*q + 18745. What is b(-6)?
7
Let n(k) = -14*k - 10. What is n(2)?
-38
Let z(p) = 1820*p + 10958. Give z(-6)